, 16*w - 15*w - 4*v - 29 = 0. Calculate the remainder when o is divided by w.
2
Suppose -20*y + 76 = -39*y. Let s(x) = 2*x**2 - 10*x - 60. Calculate the remainder when s(y) is divided by 4.
0
Calculate the remainder when ((-2)/3 - (1 - 372)) + (-118)/(-177) is divided by 22.
19
Let i(w) = 8*w**2 + 156*w - 584. What is the remainder when 2200 is divided by i(4)?
16
Let z(f) = -f**2 - 12*f + 4. Let r be z(-10). Let q = 48 + r. Suppose -2*d = 2*d - 2*b - 100, 5*d - 125 = -b. What is the remainder when q is divided by d?
22
Let j be (((-192)/10)/8)/(6/(-15)). Calculate the remainder when -1 - (-1 - (5 - (-3 + j))) is divided by 2/5 - 32/(-20).
0
Let b(n) = n**3 + 12*n**2 - 11*n - 14. Let a = -172 - -166. What is the remainder when b(a) is divided by 30?
28
Let p = 7827 + -7666. What is the remainder when 3701 is divided by p?
159
Let c(g) = 3*g**2 - 368*g - 3062. Calculate the remainder when 630 is divided by c(-8).
38
Let p = -7 + 20. Suppose 27*w - 18*w + 8 - 26 = 0. What is the remainder when p is divided by w?
1
Let r(m) = -26*m + 1. Let j(k) = 26*k - 2. Let w = 27 + -22. Let b(g) = w*r(g) + 6*j(g). Calculate the remainder when b(2) is divided by 24.
21
Let z(k) = -2*k**2 + 27*k + 4. Let y be z(12). What is the remainder when y - ((-3)/6)/(2/4) is divided by 6?
5
Suppose 0 = v + 21 - 23, 3*g - 779 = -v. Calculate the remainder when g is divided by 7.
0
Let n(u) = -u**2 + 15*u - 19. Suppose -75 = -4*p + 5*l, 3*l = p + 5 - 22. Calculate the remainder when n(9) is divided by p.
15
Let d(f) = -7*f**2 - 8*f - 3. Let x be d(4). What is the remainder when (-22790)/(-159) - (0 + (-2)/(-6)) is divided by ((-2)/(-6))/((-1)/x)?
45
Let d be -28 + (-1)/(0 - -1). Let l = 9295 + -9277. Calculate the remainder when (-5 + 4)*d/1 is divided by l.
11
Suppose -36*d + 281 + 3901 = 15*d. What is the remainder when 1470 is divided by d?
76
Suppose -4*y + 2*t - 27 = 3*t, -5*y + 5*t = 65. Calculate the remainder when y/(((-2)/388)/(6/24)) is divided by 30.
28
Suppose 0*x + 2*x = -i + 51, 5 = -5*i. What is the remainder when 590/5 + 2 + 4 + 0 is divided by x?
20
Let c(i) = -i**2 - 47*i - 190. Let m be c(-22). Suppose 8*g - 5*g + n - 216 = 0, 5*g - 2*n - m = 0. Calculate the remainder when 140 is divided by g.
68
Suppose -8 = 5*n - 23. Let i be ((-10)/(-8) + 1/4)*18. Suppose -3*y - 7 - n = -a, 4*a + y - i = 0. Calculate the remainder when a is divided by 2.
1
Let x(t) = t**3 - 11*t**2 - 16*t - 27. Let v be x(10). Let j = v - -441. What is the remainder when j is divided by 28?
14
What is the remainder when 698 is divided by ((-1077)/(-21) - 1) + 24/(-84)?
48
Let r = -24 + 45. Suppose 7 - r = -5*f - 2*l, 8 = 4*l. Suppose -2*u + 63 = 3*b, f*b - 5*b + 3*u = -63. What is the remainder when 59 is divided by b?
17
Let w be (3 - 33/12) + 4/(-16). Suppose -2*s + u + 23 = 0, u + w + 9 = s. Suppose 2*b = -b + 12. Calculate the remainder when s is divided by b.
2
Suppose -5*k = -3*z - k + 516, -4*z = -2*k - 698. Suppose -78*b = -86*b + z. Calculate the remainder when 170 is divided by b.
16
Let k(h) = h**3 + h. Suppose 0 + 15 = -5*a, y = 5*a + 84. Let f = y + -2. Calculate the remainder when f is divided by k(2).
7
Let i = -112 + 121. Let m(k) = 30*k - 1. What is the remainder when m(3) is divided by 3*(-6)/i + 47?
44
Calculate the remainder when 498 is divided by (252 - 6) + 1*(-8)/(-4).
2
Let s(d) = 2*d**2 + 10*d + 9. Let n be s(-4). Let u = n - -3. Suppose -2*p + 26 = 2*g, -u*p = 2*g - 2 - 50. What is the remainder when 22 is divided by p?
9
Let q = -81 + 84. Suppose 0 = -i - q*i + 396. What is the remainder when i is divided by 25?
24
Let u(c) = 3*c + 150. Let x = 263 - 304. What is the remainder when 458 is divided by u(x)?
26
Suppose 2*z = h - 7, -103*h = -108*h + z + 80. What is the remainder when 638 is divided by h?
9
Let u(d) = -d**3 + 67*d**2 + 62*d + 116. Calculate the remainder when u(67) is divided by 178.
176
Let w(c) = 112*c + 601. What is the remainder when 626 is divided by w(-5)?
11
Suppose 3*i = -2*w + 150, 3*w + 39 = 2*i - i. Let s(n) = n**3 - 7*n**2 - 4*n - 6. Calculate the remainder when i is divided by s(8).
22
Let u = 889 + -601. What is the remainder when 45 is divided by (u/(-60))/(2/(-10))?
21
Let l(o) be the third derivative of 19*o**4/24 - 2*o**3/3 - 22*o**2. Calculate the remainder when l(4) is divided by 4.
0
Let z(x) = x**2 + 28*x + 14. Let j be z(-28). What is the remainder when 642 is divided by j/((-8 + 5)/(-3))?
12
Suppose 4*t = 10228 + 45073 - 7745. Calculate the remainder when t is divided by 29.
28
Let q = -3413 - -3488. What is the remainder when q is divided by 23?
6
Let s(p) = -14*p**2 - 129 + 2*p**2 + p**3 + 14*p + 105. Let h be s(11). Suppose -f = -h*f + 296. What is the remainder when f is divided by 20?
17
Let u(j) = 4*j**2 - 182*j - 81. Calculate the remainder when 1384 is divided by u(46).
9
Let g(u) = 1815*u - 13576. Calculate the remainder when g(8) is divided by 47.
4
Suppose 0 = 28*z - 52*z + 14088. What is the remainder when z is divided by 76?
55
Let y(g) = -19 - 39 + 188 - 10*g + 193. Calculate the remainder when y(0) is divided by 18.
17
Suppose 1778243 = 181*y + 102*y + 609453. What is the remainder when y is divided by 1029?
14
What is the remainder when 6081 is divided by 6*(-2 + 222/18)?
5
Let h = -3924 - -3996. What is the remainder when 717 is divided by h?
69
Let a = 313 + -193. Suppose y + 181 = 3*w, -a - 6 = -2*w - 2*y. Let g = w - 58. Calculate the remainder when 15 is divided by g.
0
Suppose 0 = -58*n + 49*n + 1773. What is the remainder when n is divided by 25?
22
Let j(a) = 9*a - 5. Let o(z) = -z**3 - 119*z**2 + 3098*z - 389. What is the remainder when o(-141) is divided by j(6)?
28
Let d = 23233 - 19137. Calculate the remainder when d is divided by 71.
49
Let u = -8620 - -8697. What is the remainder when 758 is divided by u?
65
Let i(u) = -4*u**2 + 3*u + 32 - 61 + u**3 - 6*u**2 + 38. What is the remainder when i(10) is divided by 14?
11
Let m(j) = j**3 - 12*j**2 + 2*j + 4. What is the remainder when (-1313)/(-8) - (-23)/(-184) is divided by m(12)?
24
Let v = 2915 - 2891. Calculate the remainder when 7533 is divided by v.
21
Let p(y) = 7*y**2 + 4*y**2 - 2*y**2 + 9 + 5*y + y**2. Let k be p(-2). Calculate the remainder when 2 is divided by 6/39*-1 - (-45)/k.
0
Let x(b) = b - 18. Suppose -4*r = r. Let i be x(r). Calculate the remainder when 71 is divided by (-213)/i - 2/(-12).
11
Suppose 3*y - 2*y + 11 = -4*a, 2*y - 4*a = 2. Let o be (25/10 + -1)/(y/(-142)). Suppose p - 13 = o. Calculate the remainder when p is divided by 22.
18
Let y = -12141 - -12310. Calculate the remainder when 333 is divided by y.
164
What is the remainder when 776*(-11 + 360/32) is divided by 98?
96
Let v = -14240 - -14808. What is the remainder when v is divided by 215?
138
Suppose -4*o + 63 = 263. Let p(w) = -73*w**3 + w. Let s be p(-1). Let m = s + o. Calculate the remainder when m is divided by 9.
4
Let x = 1962 - 542. Suppose 1423*f - x*f = 315. What is the remainder when f is divided by 29?
18
Let x(u) = u**2 + 8*u - 26. Let s = 236 - 120. Let b = s - 112. What is the remainder when 62 is divided by x(b)?
18
Suppose -49 = -5*a + 171. Let i(b) = -25*b**3 + 628*b**2 - 51*b - 205. Calculate the remainder when i(25) is divided by a.
43
Let i be (-26 + 20)*2/(-6). Suppose i*x = -3*w + 145, -3*x + 7*w = 10*w - 225. What is the remainder when 316 is divided by x?
76
Let l = -82040 - -82117. Suppose 2*z + 2*o + 2*o - 48 = 0, -3*o - 81 = -3*z. Calculate the remainder when l is divided by z.
25
What is the remainder when (-1)/34*(-128)/(-32) - 180820/(-68) is divided by 95?
94
Let x(u) = 81*u**2 - 21*u + 8. Calculate the remainder when 765 is divided by x(-2).
17
Suppose 0*n - 17*n = -14586. Suppose -8*m - n = -21*m. Calculate the remainder when m is divided by 17.
15
Let d = 17 + -321. Let v = -213 - d. Calculate the remainder when v is divided by 123/(-82)*(280/(-18) + 8/36).
22
Suppose 9*i + 21*i - 30 = 0. Let p(f) = 2*f**2 - f + 4*f**3 - 6*f**3 + 27*f**3 + 1 - f. What is the remainder when 51 is divided by p(i)?
25
Let c = 1545 + -1056. What is the remainder when c is divided by 20?
9
Suppose 5*m - 384 = -d, -2*m = -m - d - 72. Calculate the remainder when m is divided by -24 + (18 + 58 - -20).
4
Calculate the remainder when (-295)/(-15)